1 + -1002210?
-1002211
In base 9, what is -1126752 - -3?
-1126748
In base 6, what is 510 - -3520?
4430
In base 5, what is 401 - -300111?
301012
In base 7, what is -51 - 21620?
-22001
In base 7, what is 66312 + -546?
65433
In base 7, what is -2015 - 1?
-2016
In base 4, what is -11113331 - -11313?
-11102012
In base 13, what is -1 + -5412?
-5413
In base 15, what is -11 - 33?
-44
In base 10, what is -5 - 386681?
-386686
In base 15, what is -3c7ea + -3?
-3c7ed
In base 16, what is -5b + 116?
bb
In base 4, what is 10 - -2032121?
2032131
In base 7, what is -1 - 603405?
-603406
In base 2, what is 11 - 10011100001011?
-10011100001000
In base 15, what is 85c79 + -2?
85c77
In base 6, what is 130521 + 2?
130523
In base 11, what is 13 + -1a414?
-1a401
In base 9, what is -23035 - -2?
-23033
In base 12, what is 85 + 7750?
7815
In base 15, what is -72c1 + -7?
-72c8
In base 5, what is -111 - 3001?
-3112
In base 4, what is -3100 - -202211?
133111
In base 3, what is 1120 - 101110?
-22220
In base 2, what is 1011000100000 - -1011?
1011000101011
In base 9, what is -2 - -16722?
16720
In base 13, what is -59 - 1176?
-1202
In base 9, what is 505241 - 15?
505225
In base 10, what is -1271 - -15?
-1256
In base 7, what is -21 - 5611?
-5632
In base 16, what is 2b514 - 0?
2b514
In base 10, what is -3 - 12536?
-12539
In base 13, what is 5 - -7a64?
7a69
In base 3, what is 20022020 + 120022?
20212112
In base 3, what is -2220020 + 0?
-2220020
In base 5, what is 112344 + -1103?
111241
In base 4, what is 10 + 10232021?
10232031
In base 10, what is -458 + -36?
-494
In base 16, what is -2 + -215?
-217
In base 10, what is 36 + -172838?
-172802
In base 13, what is 820 + 7?
827
In base 9, what is -48 + -26642?
-26701
In base 4, what is -33210 + 101?
-33103
In base 4, what is 21010 + 2023?
23033
In base 13, what is -59b - -35?
-566
In base 14, what is 37240 - 2?
3723c
In base 12, what is -2 - -180555?
180553
In base 13, what is -145c - -4?
-1458
In base 2, what is 1000 - 11001010100100?
-11001010011100
In base 12, what is 6a + 4b6?
564
In base 3, what is -1212 - 1010221211?
-1011000200
In base 5, what is 120 + -1001442?
-1001322
In base 2, what is -10011100011011010010 + 1?
-10011100011011010001
In base 14, what is 1a3 - 9c?
105
In base 10, what is 3 + -32790?
-32787
In base 5, what is -3 + -3431034?
-3431042
In base 13, what is 1 + 13063?
13064
In base 11, what is -849 + -78?
-916
In base 10, what is -1 - -71657?
71656
In base 12, what is -3 - 151537?
-15153a
In base 14, what is -4 - -4a46?
4a42
In base 11, what is 2717 + -2?
2715
In base 12, what is 15 - -325?
33a
In base 2, what is -11010000101 + 10101?
-11001110000
In base 3, what is -12 + 222001211?
222001122
In base 16, what is -4b03 + 4?
-4aff
In base 2, what is 100 + -1011011001111?
-1011011001011
In base 16, what is 4b - 245?
-1fa
In base 10, what is 93355 - -2?
93357
In base 10, what is -136 - 3?
-139
In base 6, what is 15515330 - 0?
15515330
In base 3, what is 12 - 2010200121?
-2010200102
In base 16, what is 2 - 2bc14?
-2bc12
In base 14, what is -16 - 13ac?
-13c4
In base 10, what is 16 - -4712?
4728
In base 3, what is 110121220 + 10000?
110201220
In base 12, what is 63 - 1166?
-1103
In base 2, what is -100000101101101 - 100?
-100000101110001
In base 14, what is -5 - -aa48d?
aa488
In base 6, what is 15310 - -333?
20043
In base 4, what is 2221 + 331?
3212
In base 10, what is 33876 + -2?
33874
In base 7, what is -5 + 64352?
64344
In base 15, what is a + 1859?
1864
In base 14, what is 23 - 6265?
-6242
In base 12, what is 40 + 450?
490
In base 16, what is -60 + -34a7?
-3507
In base 14, what is 2 + -3a5?
-3a3
In base 8, what is -1 - -52200?
52177
In base 12, what is 71429 - 4?
71425
In base 5, what is 40034334 - -4?
40034343
In base 7, what is 552426 - 1?
552425
In base 16, what is -125e - -a?
-1254
In base 3, what is 121102012121 - -121?
121102020012
In base 11, what is -6 - a422?
-a428
In base 14, what is -4406 - -b?
-43d9
In base 7, what is 15 - 403620?
-403602
In base 2, what is -1011100000 + -1000001?
-1100100001
In base 15, what is 723 - -5cc?
d00
In base 11, what is -a55614 - -3?
-a55611
In base 15, what is -3 + 24b86?
24b83
In base 12, what is -455a3 + -1?
-455a4
In base 16, what is 3db9 + -10?
3da9
In base 9, what is -2 + -7080?
-7082
In base 16, what is 2d - 345e?
-3431
In base 9, what is -12 + -461507?
-461520
In base 16, what is 5 + -579?
-574
In base 12, what is 52a + 117?
645
In base 13, what is -93 + 10728?
10665
In base 16, what is 5 - -5ae91?
5ae96
In base 12, what is -3794 - 56?
-382a
In base 4, what is 13103 + 1201?
20310
In base 15, what is -115 - -3277?
3162
In base 15, what is 26 - -123c?
1263
In base 16, what is 1fdf - 2?
1fdd
In base 6, what is 5 + -34011?
-34002
In base 11, what is 80 + -118?
-48
In base 6, what is 21333 - -33?
21410
In base 3, what is -12 + -22012020?
-22012102
In base 15, what is 5740b - -2?
5740d
In base 14, what is -593 - -13?
-580
In base 15, what is -2 - 17d1b?
-17d1d
In base 7, what is -6 + 423256?
423250
In base 6, what is 210245 - 253?
205552
In base 15, what is 1d9 - 80a?
-621
In base 11, what is -7281 + 5?
-7277
In base 5, what is -22410 + 241?
-22114
In base 11, what is -1548 + 52?
-14a6
In base 7, what is -1301 - 13?
-1314
In base 11, what is -34 + 364a?
3616
In base 16, what is -2 + 631f2?
631f0
In base 4, what is 202121 + -103?
202012
In base 8, what is 10 - 116431?
-116421
In base 13, what is -7c - -2aa?
22b
In base 6, what is 125034 - 2243?
122351
In base 6, what is 0 - 41044?
-41044
In base 16, what is 0 - -ec7c3?
ec7c3
In base 2, what is 1010101111000000 - -100?
1010101111000100
In base 16, what is 2f31 + 9a?
2fcb
In base 16, what is -61c1 - 0?
-61c1
In base 5, what is -11234210 + -12?
-11234222
In base 10, what is -1234 - 1?
-1235
In base 5, what is 422424 + -104?
422320
In base 8, what is -217421 - -3?
-217416
In base 15, what is d895 - 8?
d88c
In base 16, what is -25e + -363?
-5c1
In base 11, what is -1036 + 4?
-1032
In base 15, what is -13e18 + 12?
-13e06
In base 2, what is 0 - -1000010100111101?
1000010100111101
In base 9, what is 208 + 60?
268
In base 11, what is -4a10 + 5?
-4a06
In base 10, what is 15 + -5662?
-5647
In base 3, what is -22 - -1100102102?
1100102010
In base 6, what is 500344 - 154?
500150
In base 5, what is -10432 + 10222?
-210
In base 8, what is 2154 - -41?
2215
In base 8, what is 30 + 156273?
156323
In base 8, what is 173 - 1112?
-717
In base 15, what is -424c + -1?
-424d
In base 5, what is -321220 + 33?
-321132
In base 9, what is 15 + 41134?
41150
In base 14, what is -a81 + 28?
-a57
In base 12, what is 2 + -25a8?
-25a6
In base 15, what is -108b7b - 5?
-108b81
In base 6, what is 12210515 + 2?
12210521
In base 2, what is 11100 - -100010001?
100101101
In base 3, what is 2 - 11110000200?
-11110000121
In base 15, what is 3 - 46e?
-46b
In base 16, what is -5a - 107?
-161
In base 14, what is -15dacc - 2?
-15dad0
In base 11, what is -3 - 1032a1?
-1032a4
In base 12, what is -36 + 117b8?
11782
In base 14, what is -b2ab - 4?
-b2b1
In base 11, what is 516 - -a05?
1420
In base 7, what is 541 + 5646?
6520
In base 14, what is 4d + -79a?
-74b
In base 6, what is 305 + 124?
433
In base 7, what is -20 - -160452?
160432
In base 5, what is 124434143 + -2?
124434141
In base 13, what is -aab - 16?
-ac4
In base 10, what is 5 - 9328?
-9323
In base 16, what is 2 + -a326?
-a324
In base 14, what is 1 + -1939b?
-1939a
In base 16, what is -7f08 + 3?
-7f05
In base 6, what is 330145 + 4?
330153
In base 8, what is -1 - -3422?
3421
In base 9, what is 217424 + -11?
217413
In base 3, what is -110 + 21212010010?
21212002200
In base 12, what is -2 + ab41?
ab3b
In base 10, what is 7 - 43685?
-43678
In base 3, what is -10120011200 + -121?
-10120012021
In base 14, what is -172 - 41?
-1b3
In base 5, what is -10030442 - 10?
-10031002
In base 15, what is -43b39 - 3?
-43b3c
In base 14, what is -3b89c - 5?
-3b8a3
In base 3, what is -1 + 2100211001012?
2100211001011
In base 2, what is -10011010001011 + -110010?
-10011010111101
In base 11, what is 2 - a797?
-a795
In base 12, what is 2537 + -159?
239a
In base 6, what is -2030133 - 5?
-2030142
In base 13, what is 2 - 67111?
-6710c
In base 6, what is -3 - -21553121?
21553114
In base 11, what is 15 + -7159?
-7144
In base 16, what is 0 + -83145